(n) = -7*n + 146. Let f be h(21). Let s be (32 - 31)*(20 - (f - -2)). Calculate the highest common factor of s and 1273.
19
Let d = -1684 - -1700. Suppose -41 - 80 = -2*y + 3*q, -4*y + 215 = 3*q. What is the highest common factor of y and d?
8
Suppose -h = 4*q - 3162, -4*h - 2400 = -475*q + 472*q. What is the greatest common divisor of 3608 and q?
88
Suppose -2*o + 0*o = -4*w - 9938, -4*w + 9970 = 2*o. Calculate the greatest common divisor of 63 and o.
63
Let v = 152 + 602. Suppose 0 = s - 761 + v. What is the highest common divisor of 497 and s?
7
Let d be (-1)/(-9)*(8 - 11)*-15. Suppose -k + 83 = d*a, -6 = -40*k + 38*k. What is the greatest common factor of 16 and a?
16
Let c be 6*(-2)/4 + 7. Let h = 375 - 218. Suppose c*f = h - 33. What is the greatest common divisor of 62 and f?
31
Suppose 0 = -5*g + 15, -2*g - g - 1447 = -m. Let p be 14*28064/m + (-4)/(-26). What is the greatest common factor of p and 10?
10
Suppose 53*i - 586 = 51*i. Suppose -7*m + 407 = -i. What is the greatest common factor of 75 and m?
25
Suppose 6*i = i + 195. Let x = -17274 + 17280. Calculate the greatest common factor of i and x.
3
Let s be -2 - (-9 + (8 - 3)). Suppose -13*f - s*f = -270. What is the highest common divisor of f and 4?
2
Suppose 3*g = 3*g + 8*g - 504. What is the greatest common divisor of 75 and g?
3
Suppose s = 59 + 1. Suppose 8*c + s = 14*c. Suppose -5*x = 2*t - c, 0*x = x - 3*t - 19. What is the highest common factor of x and 32?
4
Let d = -674 + 1256. Let s = d + -580. What is the greatest common factor of 72 and s?
2
Let k = 17 - -40. Let f be 87*(-122)/(-1769) - (-17*3)/1. What is the highest common factor of f and k?
57
Let y be (5/6)/5 + 1/(-6). Suppose -3*q + h + 29 = 0, y = -3*h + 2 - 8. Suppose -4*s + 72 = -0*s. Calculate the greatest common divisor of q and s.
9
Let f be ((-18800)/(-893))/((-1)/(-2)) + (-4)/38. What is the greatest common divisor of 3381 and f?
21
Let p = 162 - 778. Let n = p + 704. What is the greatest common divisor of n and 24?
8
Let b be (-8)/6*(-1 + -101). Suppose 40 = 5*r + 5*z, z = -4*z. Let k be (-3)/(-6) + 132/r. What is the highest common factor of k and b?
17
Let w(m) = -2*m**3 + 6*m**2 + 11*m - 9. Let z be w(-3). Let v = -324 - -368. Calculate the highest common factor of v and z.
22
Let t(p) = -29*p - 1214. Let s be t(-45). Calculate the greatest common factor of s and 91.
91
Suppose 348 - 1038 = -23*u. Let p be (5/(-15))/((-23)/14490). What is the greatest common divisor of u and p?
30
Suppose -5*d - 12 - 13 = 0. Let z be (4/d)/(58/(-145))*80. What is the greatest common divisor of z and 128?
32
Let j be (-105)/(-20) + (-63)/(-36). Suppose -76 - 470 = -j*c. Calculate the highest common factor of 12 and c.
6
Let c(y) = -y**2 + 3. Suppose t = 3*t. Let x be c(t). Suppose x*z = d + 13, -3*d - 2 = z - 13. Calculate the highest common divisor of 12 and d.
2
Let n(p) = -101*p - 88. Let u be n(-4). Let r = u - 308. Calculate the greatest common divisor of r and 4.
4
Let v(k) = -k - 25. Let g be v(-27). Suppose -4 = g*j - 18. Suppose -46 = -l + 3. What is the highest common factor of j and l?
7
Let b = 71804 - 40236. What is the greatest common factor of b and 16?
16
Let w = -6 + 7. Let h be w/(-4)*-7*(33 - 9). What is the greatest common factor of h and 42?
42
Suppose 5*q - 6 = 44. Suppose 0 = a - 3*g + 24, -a - a = g + 13. Let i = a - -29. What is the highest common factor of i and q?
10
Let y(w) = 2*w - 32. Let n be y(21). Let d be (85/n)/((-4)/(-32)). Calculate the highest common divisor of 34 and d.
34
Suppose -82076 - 11380 = -18*k. Calculate the greatest common factor of 264 and k.
88
Let r(o) = -14*o**2 - 321*o - 56. Let j be r(-22). What is the highest common factor of j and 391?
23
Suppose -36*j = -31*j + 5*h - 130, 6*j - 176 = -h. What is the greatest common factor of j and 4290?
30
Let o = -211 + 211. Suppose 87*h - 84*h - 72 = o. Calculate the highest common divisor of h and 9.
3
Let b be ((-3635)/15)/((-36)/324). Calculate the highest common divisor of b and 3.
3
Suppose 3*b + r = -236, 3*b + 2*r + 2*r = -242. Let t = b - -82. Suppose -c - 248 = -5*y, 2*c - 96 = -2*y + t*c. What is the highest common factor of y and 75?
25
Suppose 37 = 7*a - 26. Suppose 4*m - m = -2*x + a, -2*m - 7 = -3*x. Let i be m - ((-28)/(-14) - 1*27). Calculate the highest common factor of i and 13.
13
Let x(f) = f**2 + 36*f - 1178. Let n be x(21). What is the greatest common divisor of 4959 and n?
19
Let b be 52092/((72/(-96))/((-2)/(-12)) - -6). What is the greatest common divisor of b and 24?
24
Suppose -1 - 23 = 6*y. Let s be (y/3)/((-6)/108). What is the greatest common factor of 3 and s?
3
Suppose -n - 28 = -4*b, 0 = 2*b - 24*n + 22*n - 2. Let o be 2/(-9) + (-1786)/(-18). What is the greatest common factor of b and o?
9
Let n = 1021 + -947. Let d(l) = l**3 - 10*l**2 - 7*l + 72. Let o be d(10). What is the highest common divisor of o and n?
2
Let h be (-274)/(-8) - (-56)/(-8) - (-10)/(-8). Suppose -3*r = -4*g - 40, 48 = 5*r - g - g. Calculate the greatest common factor of r and h.
2
Let u be (176/24 - 8)/(2/(-174)). Suppose u = 7*a - 19. Suppose -w = -4*y + 3*w + 160, 5*y = -4*w + 236. Calculate the greatest common divisor of a and y.
11
Let n(f) = -2*f + 26. Let a be n(13). Let c be (-1)/(1/49 - a). Let s be (-9)/12*-4 - c. Calculate the highest common divisor of 13 and s.
13
Suppose -306*j = -374*j + 1632. Calculate the greatest common divisor of j and 2724.
12
Let s be 1752/(-1606) - 22892/(-11). Calculate the greatest common factor of s and 728.
104
Suppose 960 = 2*g + 3*g. Suppose 55*b = 101 + 258 - 29. Calculate the highest common factor of g and b.
6
Let s be (-1)/(((-3)/6)/1). Let i be (3/s)/(10/260). Let d = -32 + i. Calculate the greatest common divisor of 21 and d.
7
Suppose 1620*l = 1594*l + 936. What is the highest common divisor of l and 558?
18
Let w = 47125 - 46660. Let f be (-2)/8 - 183/(-12). Calculate the highest common divisor of f and w.
15
Let l(u) = -u**3 - 4*u**2 + u - 13. Let i be l(-6). Let w = 56 - i. Suppose -5*d + 42 = -w*d. What is the greatest common factor of d and 231?
21
Suppose -z = 3*c - 10, -30*c - 62 = -4*z - 31*c. Suppose -21*y = -z*y - 270. Calculate the highest common factor of 378 and y.
54
Let u = -1471 - -1520. What is the greatest common divisor of u and 224?
7
Let p be 6 + ((-15384)/(-27) - (-38)/171). What is the greatest common divisor of p and 54?
18
Suppose 4*f - 5*y - 101 = 0, 3*y = -5*f - 2*y + 115. Suppose -133 = -9*q + 11. What is the highest common divisor of q and f?
8
Let a be (-8)/10 - (-5 - (-478)/(-10)). Let l = 72 - a. Suppose -9*k + 13*k - 880 = 0. What is the highest common factor of l and k?
20
Let h(n) = 2*n**3 - 163*n**2 - 79*n + 234. Let d be h(82). What is the highest common divisor of d and 300?
60
Let b(j) = 3*j + 2 + j - 10 + 0. Let v be b(13). Let c(g) = 21*g - 404. Let i be c(36). Calculate the highest common factor of v and i.
44
Let y = -49 + -44. Let o = 109 + y. What is the highest common factor of o and 60?
4
Suppose -4*r + 292 = t + 252, 7*r = 14. Calculate the greatest common factor of t and 3232.
32
Suppose -486 + 1200 - 73814 = -50*l. What is the highest common divisor of 442 and l?
34
Let t be 455/175*(0 - 3)*-35 - -7. Suppose 224 = 25*o - 21*o. What is the highest common factor of t and o?
56
Suppose -3*h - 4*l - l - 4 = 0, 0 = 3*h + 3*l. Suppose -4*c - 10*a = -28, 1009 = -4*c - a + 1109. What is the highest common factor of h and c?
1
Suppose 4*j - 88 = 5*x, -3*j + 107 - 6 = 5*x. Let z be (-37 - 9)/(-3*6/j). What is the greatest common factor of z and 299?
23
Suppose 130*i + 6177 = -5*i + 17517. Suppose -9 = -2*h + 39. Calculate the greatest common factor of i and h.
12
Let s(o) = 79*o - 1. Let w be s(1). Suppose -176*u + 9474 = -4254. Calculate the highest common factor of u and w.
78
Let i = 598 + -556. Let x be -42*((-24)/42 + 165/(-42)). Calculate the highest common factor of x and i.
21
Let h = 2029 - 2004. What is the highest common divisor of 2425 and h?
25
Suppose -8046 = -17*h + 6727. Calculate the greatest common factor of h and 44.
11
Let k = 2568 + -2549. Let j(n) = 21*n - 10. Let f be j(5). What is the greatest common divisor of f and k?
19
Let j be 7/(-84)*3 + 29/4. Let x(o) = 2*o**3 - 6*o**2 - 6*o - 10. Let h be x(j). Wh